 divided by 25.
18
What is the remainder when 1899 is divided by 632?
3
Calculate the remainder when 1152 is divided by 380.
12
What is the remainder when 2883 is divided by 720?
3
What is the remainder when 591 is divided by 192?
15
What is the remainder when 477 is divided by 435?
42
Calculate the remainder when 1882 is divided by 65.
62
Calculate the remainder when 26669 is divided by 149.
147
Calculate the remainder when 1378 is divided by 425.
103
Calculate the remainder when 180 is divided by 51.
27
Calculate the remainder when 454 is divided by 124.
82
What is the remainder when 165 is divided by 74?
17
What is the remainder when 556 is divided by 113?
104
Calculate the remainder when 150 is divided by 21.
3
What is the remainder when 7387 is divided by 48?
43
Calculate the remainder when 2998 is divided by 214.
2
Calculate the remainder when 270 is divided by 46.
40
What is the remainder when 2356 is divided by 108?
88
What is the remainder when 2876 is divided by 24?
20
Calculate the remainder when 1444 is divided by 476.
16
What is the remainder when 1906 is divided by 3?
1
What is the remainder when 344 is divided by 50?
44
Calculate the remainder when 517 is divided by 20.
17
Calculate the remainder when 1249 is divided by 615.
19
What is the remainder when 498 is divided by 169?
160
Calculate the remainder when 2825 is divided by 123.
119
What is the remainder when 837 is divided by 64?
5
What is the remainder when 2154 is divided by 2154?
0
Calculate the remainder when 112 is divided by 52.
8
Calculate the remainder when 140 is divided by 16.
12
What is the remainder when 88 is divided by 49?
39
Calculate the remainder when 349 is divided by 70.
69
Calculate the remainder when 1395 is divided by 461.
12
What is the remainder when 208 is divided by 56?
40
What is the remainder when 3270 is divided by 29?
22
What is the remainder when 201 is divided by 73?
55
Calculate the remainder when 1993 is divided by 338.
303
Calculate the remainder when 491 is divided by 26.
23
Calculate the remainder when 1572 is divided by 20.
12
What is the remainder when 273 is divided by 10?
3
What is the remainder when 12 is divided by 9?
3
Calculate the remainder when 317 is divided by 29.
27
What is the remainder when 50 is divided by 3?
2
What is the remainder when 226 is divided by 60?
46
What is the remainder when 460 is divided by 227?
6
Calculate the remainder when 37 is divided by 9.
1
What is the remainder when 248 is divided by 43?
33
What is the remainder when 205 is divided by 16?
13
Calculate the remainder when 157 is divided by 54.
49
Calculate the remainder when 2879 is divided by 67.
65
What is the remainder when 101 is divided by 52?
49
What is the remainder when 24 is divided by 21?
3
What is the remainder when 131 is divided by 71?
60
Calculate the remainder when 197 is divided by 23.
13
Calculate the remainder when 42 is divided by 11.
9
What is the remainder when 812 is divided by 137?
127
Calculate the remainder when 15093 is divided by 74.
71
What is the remainder when 4978 is divided by 5?
3
Calculate the remainder when 1452 is divided by 56.
52
What is the remainder when 885 is divided by 245?
150
Calculate the remainder when 5233 is divided by 14.
11
Calculate the remainder when 139 is divided by 32.
11
Calculate the remainder when 108 is divided by 3.
0
What is the remainder when 798 is divided by 102?
84
What is the remainder when 479 is divided by 70?
59
Calculate the remainder when 669 is divided by 139.
113
Calculate the remainder when 198 is divided by 85.
28
What is the remainder when 1168 is divided by 4?
0
Calculate the remainder when 1337 is divided by 149.
145
Calculate the remainder when 1048 is divided by 25.
23
Calculate the remainder when 263 is divided by 86.
5
What is the remainder when 3522 is divided by 15?
12
What is the remainder when 40 is divided by 6?
4
Calculate the remainder when 101 is divided by 51.
50
Calculate the remainder when 436 is divided by 17.
11
Calculate the remainder when 49 is divided by 37.
12
Calculate the remainder when 707 is divided by 159.
71
What is the remainder when 318 is divided by 42?
24
What is the remainder when 549 is divided by 179?
12
Calculate the remainder when 551 is divided by 124.
55
Calculate the remainder when 478 is divided by 37.
34
Calculate the remainder when 1128 is divided by 126.
120
What is the remainder when 1178 is divided by 1159?
19
Calculate the remainder when 32 is divided by 17.
15
Calculate the remainder when 716 is divided by 48.
44
Calculate the remainder when 48 is divided by 35.
13
Calculate the remainder when 104 is divided by 11.
5
What is the remainder when 8315 is divided by 14?
13
Calculate the remainder when 2299 is divided by 17.
4
What is the remainder when 5338 is divided by 20?
18
Calculate the remainder when 309 is divided by 15.
9
What is the remainder when 335 is divided by 74?
39
What is the remainder when 1925 is divided by 71?
8
Calculate the remainder when 367 is divided by 91.
3
What is the remainder when 243 is divided by 13?
9
What is the remainder when 1538 is divided by 253?
20
What is the remainder when 43 is divided by 12?
7
Calculate the remainder when 78 is divided by 41.
37
Calculate the remainder when 1272 is divided by 22.
18
What is the remainder when 68 is divided by 23?
22
What is the remainder when 1017 is divided by 339?
0
Calculate the remainder when 222 is divided by 122.
100
Calculate the remainder when 119 is divided by 5.
4
What is the remainder when 119 is divided by 24?
23
Calculate the remainder when 263 is divided by 82.
17
What is the remainder when 159 is divided by 27?
24
Calculate the remainder when 8555 is divided by 317.
313
What is the remainder when 222 is divided by 23?
15
Calculate the remainder when 1329 is divided by 38.
37
Calculate the remainder when 936 is divided by 150.
36
Calculate the remainder when 445 is divided by 95.
65
What is the remainder when 60 is divided by 6?
0
What is the remainder when 8539 is divided by 178?
173
Calculate the remainder when 3105 is divided by 13.
11
What is the remainder when 1 is divided by 1?
0
Calculate the remainder when 59 is divided by 26.
7
What is the remainder when 1864 is divided by 32?
8
What is the remainder when 1087 is divided by 17?
16
What is the remainder when 1012 is divided by 78?
76
Calculate the remainder when 810 is divided by 58.
56
What is the remainder when 1077 is divided by 12?
9
Calculate the remainder when 3737 is divided by 17.
14
What is the remainder when 461 is divided by 36?
29
What is the remainder when 77 is divided by 26?
25
Calculate the remainder when 1101 is divided by 121.
12
What is the remainder when 366 is divided by 92?
90
What is the remainder when 76 is divided by 58?
18
What is the remainder when 177 is divided by 15?
12
What is the remainder when 230 is divided by 116?
114
Calculate the remainder when 4551 is divided by 33.
30
Calculate the remainder when 122 is divided by 3.
2
What is the remainder when 147 is divided by 71?
5
Calculate the remainder when 1442 is divided by 715.
12
What is the remainder when 367 is divided by 118?
13
What is the remainder when 4841 is divided by 85?
81
What is the remainder when 126 is divided by 34?
24
Calculate the remainder when 61 is divided by 4.
1
What is the remainder when 9170 is divided by 74?
68
What is the remainder when 797 is divided by 89?
85
What is the remainder when 198 is divided by 26?
16
What is the remainder when 143 is divided by 5?
3
Calculate the remainder when 440 is divided by 142.
14
What is the remainder when 1299 is divided by 6?
3
Calculate the remainder when 208 is divided by 54.
46
What is the remainder when 15513 is divided by 145?
143
What is the remainder when 217 is divided by 55?
52
What is the remainder when 46 is divided by 12?
10
Calculate the remainder when 5167 is divided by 27.
10
What is the remainder when 147 is divided by 51?
45
Calculate the remainder when 1200 is divided by 6.
0
What is the remainder when 101 is divided by 8?
5
What is the remainder when 11276 is divided by 114?
104
Calculate the remainder when 12635 is divided by 13.
12
Calculate the remainder when 92 is divided by 12.
8
Calculate the remainder when 